) be the second derivative of -1/6*h**3 - 1/2*h**2 + 0 + 2*h. List the prime factors of w(-4).
3
Let o = 524 - 190. List the prime factors of o.
2, 167
Let a = 77 + -27. List the prime factors of a.
2, 5
Suppose 0 = 5*g - 2*z - 175, -3*g + 28 + 56 = 3*z. List the prime factors of g.
3, 11
Suppose -5*i + f + 23 = -2, -2*i + 10 = 4*f. What are the prime factors of i?
5
Let z be -6*3/6 - -18. Suppose 72 + z = 3*y. What are the prime factors of y?
29
Let h(f) = -f**2 + 9*f - 6. Let t be h(8). Suppose -t*q + 0*q + 8 = 0. Suppose -2*o = -q*o + 22. What are the prime factors of o?
11
Let z = -95 + 173. List the prime factors of z.
2, 3, 13
Suppose 0 = 5*r + n - 212, -3 + 9 = 3*n. Let p = r - 21. List the prime factors of p.
3, 7
Let p be (-2 - -1)/(9/(-270)). Suppose -5*h + 57 = 4*w - 65, -2*w - p = -h. What are the prime factors of h?
2, 13
Let z(g) = -4*g - 6. Let a be z(-3). Let x = a + -3. List the prime factors of x.
3
Let b(m) = 6*m**2 + 2*m + 10. List the prime factors of b(3).
2, 5, 7
List the prime factors of (-2)/(-4) - (-71)/2.
2, 3
Suppose 12 = g - 14. Suppose c = -c + g. List the prime factors of c.
13
List the prime factors of -79*(-5 + 2 + 0).
3, 79
Suppose 402 = v + 5*v. List the prime factors of v.
67
Suppose 4*t - 3*t = -4*w - 57, 54 = -4*w + 2*t. Let z = 31 + w. Let f = 36 - z. What are the prime factors of f?
19
Let w be (-1)/((-2)/4) - -17. Suppose -3*q + w = -2*d, -q - d - 5 = 4*d. What are the prime factors of q?
5
Let l be (-2)/(4 - (-8)/(-4)). List the prime factors of 1 + 23 - (l - -2).
23
Suppose -r + 24 = 2*r. Let y = 5 + -7. What are the prime factors of (-1)/y + 12/r?
2
Suppose -3*i + 4 - 16 = 0. What are the prime factors of i/3 - 388/(-12)?
31
List the prime factors of (27/12)/(3/72).
2, 3
Let v = -4 - -6. Let o = v - -1. Suppose -o*z - z - 2*b + 44 = 0, 4*z + b - 40 = 0. List the prime factors of z.
3
Let j be 2/(-3)*-4*3. Let b = -5 + j. Suppose -3*t - b*u + 31 = u, -3 = -3*u. List the prime factors of t.
3
Suppose -z + 2*a = -2, -z - 2*a = 4*z - 10. Let o be z + (0 - (1 - -1)). Let g(m) = -m**2 + 11. List the prime factors of g(o).
11
Suppose 71 = 5*d + 1. What are the prime factors of d/63 + 160/9?
2, 3
Suppose -2*u + 5*y + 190 = 0, -8*u + 5*y + 475 = -3*u. List the prime factors of u.
5, 19
Let s(t) = -t - 8. Let d be s(-11). Let o(n) = 2*n**2 + 5*n - 3. List the prime factors of o(d).
2, 3, 5
What are the prime factors of (-3)/((236/(-116))/1 - -2)?
3, 29
Let c be ((-165)/10)/((-3)/8). Suppose 3*p + c = 5*p. What are the prime factors of p?
2, 11
Suppose -7*g = -11*g + 288. What are the prime factors of g?
2, 3
Let d(w) = w**3 - 5*w**2 - 6*w + 2. Let p be d(6). Suppose 7 = c + p. What are the prime factors of c?
5
Let l = 16 + -12. Suppose -l*b + 17 = -39. List the prime factors of b.
2, 7
Let y = 597 + -331. Suppose 2*p - p - y = -5*z, -4*p - 178 = -3*z. List the prime factors of z.
2, 3
Let c(b) = 2*b. Let q(p) = 8*p + 1. Let h(s) = -9*c(s) + 2*q(s). List the prime factors of h(-3).
2
Let q = 47 - 6. Suppose q = 3*o - 16. Suppose -3 = -2*u + o. What are the prime factors of u?
11
Let u be 16 + (2 + -1)*2. List the prime factors of u/(-81) + (-508)/(-18).
2, 7
Let k(i) = -i + 9 + 11 + i**2 - 9. List the prime factors of k(0).
11
Suppose -2*k + 0 = -24. List the prime factors of k.
2, 3
Suppose -5*a + 1296 = 141. List the prime factors of a.
3, 7, 11
Let h = 0 - -12. List the prime factors of 26/(-3)*h/(-4).
2, 13
Let v(j) = j**3 + 11*j**2 - 9*j - 1. List the prime factors of v(-10).
3, 7
Let p = -246 + 455. What are the prime factors of p?
11, 19
Let j(k) = -2*k**2 + 6*k - 4. Let b be j(4). Suppose -4*x + 35 + 53 = 0. Let t = b + x. What are the prime factors of t?
2, 5
Let v(x) = -2*x + 1. Suppose 0 = -3*f + 2*f - 2. Let w be v(f). Suppose 56 = 4*i + 3*b, -4*i + 46 = w*b - 18. What are the prime factors of i?
11
Suppose x + 3*x = -4*r - 20, 0 = -x - 3*r - 11. Let n = -2 - x. Suppose 3*l - 29 - 4 = n. List the prime factors of l.
11
Suppose 2*f - f = 23. List the prime factors of f.
23
Let f(p) = -p**2 + 2*p - 2. Let t(z) = -2*z**2 + 3*z - 4. Let b(n) = -11*f(n) + 6*t(n). List the prime factors of b(-2).
2
Let q = -20 + 10. Suppose -l - 3 + 78 = 0. List the prime factors of l/q*2/(-3).
5
Suppose 3*b + 42 = 5*b. List the prime factors of b.
3, 7
Suppose -8*z = -230 - 354. List the prime factors of z.
73
Let v(s) = -4*s + 13. Let n(w) = -5*w + 14. Let h(r) = -5*n(r) + 6*v(r). Let k be h(0). Let j = 15 - k. What are the prime factors of j?
7
Suppose 5*t + 7 = 2. Let u = 13 - 21. Let d = t - u. What are the prime factors of d?
7
Let f(z) = -z**3 - z**2 - z + 236. List the prime factors of f(0).
2, 59
List the prime factors of 1 + 4/((-12)/(-75)).
2, 13
Suppose -5*d - 7 = -102. List the prime factors of d.
19
Suppose 484 = 4*c + 64. What are the prime factors of c?
3, 5, 7
Suppose 3*d - 36 = -0*k - 3*k, 34 = 3*k + 2*d. What are the prime factors of ((-6)/3)/(k/(-75))?
3, 5
Let o = -221 + 363. List the prime factors of o.
2, 71
Suppose z = 1 + 23. Suppose 4*o + z = -16. What are the prime factors of ((-8)/10)/(o/25)?
2
Let v(p) = 2*p + 9. Suppose 0*c = -i + 2*c - 8, -4*c + 16 = 0. What are the prime factors of v(i)?
3
Let p = 67 + 56. List the prime factors of p.
3, 41
Let f(i) = i**3 - 4*i**2 - 5*i + 14. What are the prime factors of f(6)?
2, 7
Suppose g = -y + 4 + 19, -3*g + 5*y + 109 = 0. List the prime factors of g.
2, 7
Suppose 4*h - 60 = 2*h. What are the prime factors of (3/((-9)/h))/(-1)?
2, 5
Let s(x) = -29*x + 12. List the prime factors of s(-2).
2, 5, 7
Let k(b) = -b**2 - 5*b - 4. Suppose -10 + 26 = -4*i. Let l be k(i). Let p = 2 - l. List the prime factors of p.
2
Let j be -2*(3 - (-68)/(-8)). Suppose -4 = -t - 2. Let z = t + j. List the prime factors of z.
13
Suppose b - 142 = -5*w, -2*b - 117 = -4*w + 5. Let n = -83 + w. What are the prime factors of n/(-7) + (-4)/(-14)?
2
Let p = 10 + -9. What are the prime factors of (p - -1)/(2/7)?
7
Let r(f) = 3*f**2 - 7*f + 5*f + 5 + f**2 - 5*f. Let h be r(4). Suppose -h = -4*b + 7. List the prime factors of b.
2, 3
Let y(b) = -b**3 + 8*b**2 - 4*b - 5. What are the prime factors of y(6)?
43
Let p(i) = i**3 - i**2 - 2*i + 49. What are the prime factors of p(0)?
7
Suppose -d = -4 - 0. Suppose -d*r - r = -65. List the prime factors of r.
13
Suppose 2*l = l - 9. Let v = -1 - l. What are the prime factors of v?
2
List the prime factors of 108 - 3 - -2*(-1)/2.
2, 13
Suppose -2*j = -4*j. Suppose -l + 4 + 3 = j. List the prime factors of l.
7
Suppose -2*c = 3*k - 193, 4*k + 2 = 6. Suppose -u = -6*u + c. List the prime factors of u.
19
Let r = 34 + -1. List the prime factors of r.
3, 11
Let t(k) = 53*k**2 + 1. What are the prime factors of t(1)?
2, 3
Let v(t) = t**2 + t. Let o(b) = 2*b**2 - 2*b + 4. Let k(q) = o(q) - 3*v(q). Let z be k(-5). Suppose -3*p = -z*p + 12. What are the prime factors of p?
2, 3
Let s = 4 - -1. Let p = 5 - s. Suppose p = -2*x - x + 30. List the prime factors of x.
2, 5
Let x(d) = -18*d**2 - 3*d - 3. Let i(f) = 91*f**2 + 14*f + 14. Let j(p) = 3*i(p) + 14*x(p). What are the prime factors of j(-1)?
3, 7
Let w(h) = 2*h**2 - h + 101. List the prime factors of w(0).
101
Let c(u) = 2 + u - 5 + 0*u. What are the prime factors of c(6)?
3
Let w(v) = 2*v + 4. Let z be w(-4). Let h(a) = -a**2 - 6*a + 4. Let d be h(z). List the prime factors of 21*-1*(-4)/d.
7
Suppose -10 = -4*m - 4*z + 6, -5*z = -5*m + 10. Suppose f = m*f - 12. What are the prime factors of f?
2, 3
Let h = 136 - 77. What are the prime factors of h?
59
Suppose -c = -7 + 15. Let r = 6 - -8. Let n = r + c. What are the prime factors of n?
2, 3
Let g(x) be the third derivative of x**4/24 + 7*x**3/3 - 3*x**2. What are the prime factors of g(-8)?
2, 3
Let q(n) = -n**3 + 16*n**2 + 7*n - 37. List the prime factors of q(16).
3, 5
Let n = 1 + 0. Suppose -7*f + 2*f + 22 = 4*x, -5*f + 3*x + n = 0. List the prime factors of (f/4)/((-3)/(-54)).
3
Let b = 34 + 3. List the prime factors of b.
37
Let t(n) = n**2 + 2*n - 22. List the prime factors of t(9).
7, 11
Let b be (-1)/(-4) - (-21)/12. Let k = -2 + b. Suppose 2*z + 26 = 4*y - k*z, 5*y = 5*z + 35. What are the prime factors of y?
2, 3
Suppose 0 = 3*d + 2*d - 250. Suppose 2*s = -4*g + d, 4*g - 63 = -g - 2*s. What are the prime factors of g?
13
Let q be 